{"id":1062,"date":"2024-10-21T17:55:31","date_gmt":"2024-10-21T20:55:31","guid":{"rendered":"https:\/\/bernardinoadvocacia.adv.br\/?page_id=1062"},"modified":"2024-11-05T12:35:16","modified_gmt":"2024-11-05T15:35:16","slug":"o-escritorio","status":"publish","type":"page","link":"https:\/\/bernardinoadvocacia.adv.br\/?page_id=1062","title":{"rendered":"O Escrit\u00f3rio"},"content":{"rendered":"\t\t<div data-elementor-type=\"wp-page\" data-elementor-id=\"1062\" class=\"elementor elementor-1062\">\n\t\t\t\t<div class=\"elementor-element elementor-element-da97ab6 e-flex e-con-boxed e-con e-parent\" data-id=\"da97ab6\" data-element_type=\"container\" data-settings=\"{&quot;background_background&quot;:&quot;classic&quot;}\">\n\t\t\t\t\t<div class=\"e-con-inner\">\n\t\t\t\t<div class=\"elementor-element elementor-element-5c5d073 elementor-widget elementor-widget-heading\" data-id=\"5c5d073\" data-element_type=\"widget\" data-widget_type=\"heading.default\">\n\t\t\t\t<div class=\"elementor-widget-container\">\n\t\t\t\t\t<h2 class=\"elementor-heading-title elementor-size-default\">O Escrit\u00f3rio<\/h2>\t\t\t\t<\/div>\n\t\t\t\t<\/div>\n\t\t\t\t\t<\/div>\n\t\t\t\t<\/div>\n\t\t<div class=\"elementor-element elementor-element-a182111 e-flex e-con-boxed e-con e-parent\" data-id=\"a182111\" data-element_type=\"container\" data-settings=\"{&quot;background_background&quot;:&quot;classic&quot;}\">\n\t\t\t\t\t<div class=\"e-con-inner\">\n\t\t\t\t<div class=\"elementor-element elementor-element-8a868c4 elementor-widget elementor-widget-text-editor\" data-id=\"8a868c4\" data-element_type=\"widget\" data-widget_type=\"text-editor.default\">\n\t\t\t\t<div class=\"elementor-widget-container\">\n\t\t\t\t\t\t\t\t\t<p><strong>&#8220;Sempre com F\u00e9, Trabalho e Honra, nosso objetivo principal \u00e9 Defender os Direitos de nosso clientes&#8221;<\/strong><\/p><p><strong>Quem Somos:<\/strong><\/p><p>A Bernardino Advocacia tem compromisso com a excel\u00eancia no atendimento das necessidades de nossos clientes. Nascemos da necessidade do Servidor Publico do Interior Paulista ser representado por Advogados proximos a eles, com quem possam conversar e receber atendimento individual com dedica\u00e7\u00e3o e respeito.<\/p><p><strong>Nosso Escrit\u00f3rio:<\/strong><\/p><p>Bernardino Advocacia, foi idealizada em 2011 quando o Dr. Adriano Bernardino, ingressou na Advocacia defendendo Aposentados e Pensionistas do Regime pr\u00f3prio, em 2013 passou a militar em favor do Servidores Publicos Aposentados do Estado de S\u00e3o Paulo, sempre se dedicando ao Servi\u00e7o Publico. Em 2023 com a expans\u00e3o digital, nasceu a Bernardino Advocacia Digital, passando a atender os Servidores Ativos e Aposentados em todo o estado de S\u00e3o Paulo, e Servidores Municipais dos Municipios Paulistas<\/p><p><strong>Nosso Compromisso:<\/strong><\/p><p>O cliente \u00e9 \u00fanico, assim como seu caso e suas necessidades, com esse foco buscamos o atendimento humanizado, mesmo digitalmente, atuamos com transpar\u00eancia nas informa\u00e7\u00f5es, criando confiabilidade e alinhando nosso know-how as necessidades de nossos clientes.<\/p>\t\t\t\t\t\t\t\t<\/div>\n\t\t\t\t<\/div>\n\t\t\t\t\t<\/div>\n\t\t\t\t<\/div>\n\t\t<div class=\"elementor-element elementor-element-f1cdff3 e-flex e-con-boxed e-con e-parent\" data-id=\"f1cdff3\" data-element_type=\"container\">\n\t\t\t\t\t<div class=\"e-con-inner\">\n\t\t\t\t\t<\/div>\n\t\t\t\t<\/div>\n\t\t<div class=\"elementor-element elementor-element-ff091a6 e-flex e-con-boxed e-con e-parent\" data-id=\"ff091a6\" data-element_type=\"container\" data-settings=\"{&quot;background_background&quot;:&quot;classic&quot;}\">\n\t\t\t\t\t<div class=\"e-con-inner\">\n\t\t\t\t<div class=\"elementor-element elementor-element-9a86185 animated-slow elementor-invisible elementor-widget elementor-widget-heading\" data-id=\"9a86185\" data-element_type=\"widget\" data-settings=\"{&quot;_animation&quot;:&quot;fadeIn&quot;}\" data-widget_type=\"heading.default\">\n\t\t\t\t<div class=\"elementor-widget-container\">\n\t\t\t\t\t<h2 class=\"elementor-heading-title elementor-size-default\">Clique no \u00edcone e entenda as \u00e1reas que atuamos<\/h2>\t\t\t\t<\/div>\n\t\t\t\t<\/div>\n\t\t\t\t<div class=\"elementor-element elementor-element-5e93641 animated-slow elementor-invisible elementor-widget elementor-widget-heading\" data-id=\"5e93641\" data-element_type=\"widget\" data-settings=\"{&quot;_animation&quot;:&quot;fadeIn&quot;}\" data-widget_type=\"heading.default\">\n\t\t\t\t<div class=\"elementor-widget-container\">\n\t\t\t\t\t<h2 class=\"elementor-heading-title elementor-size-default\">Independentemente da necessidade, estudamos e oferecemos a solu\u00e7\u00e3o ideal para proteger os direitos dos servidores p\u00fablicos em todo o estado de S\u00e3o Paulo.<\/h2>\t\t\t\t<\/div>\n\t\t\t\t<\/div>\n\t\t<div class=\"elementor-element elementor-element-7f92897 e-flex e-con-boxed e-con e-child\" data-id=\"7f92897\" data-element_type=\"container\">\n\t\t\t\t\t<div class=\"e-con-inner\">\n\t\t\t\t<div class=\"elementor-element elementor-element-a46aff0 elementor-widget__width-initial animated-slow elementor-position-top elementor-invisible elementor-widget elementor-widget-image-box\" data-id=\"a46aff0\" data-element_type=\"widget\" data-settings=\"{&quot;_animation&quot;:&quot;pulse&quot;}\" data-widget_type=\"image-box.default\">\n\t\t\t\t<div class=\"elementor-widget-container\">\n\t\t\t\t\t<div class=\"elementor-image-box-wrapper\"><figure class=\"elementor-image-box-img\"><a href=\"https:\/\/grupotwtoficial.com\/registro-de-marca\/\" tabindex=\"-1\"><img fetchpriority=\"high\" decoding=\"async\" width=\"1200\" height=\"1200\" src=\"https:\/\/bernardinoadvocacia.adv.br\/wp-content\/uploads\/2024\/10\/MISSAO.png\" class=\"attachment-full size-full wp-image-1090\" alt=\"\" srcset=\"https:\/\/bernardinoadvocacia.adv.br\/wp-content\/uploads\/2024\/10\/MISSAO.png 1200w, https:\/\/bernardinoadvocacia.adv.br\/wp-content\/uploads\/2024\/10\/MISSAO-300x300.png 300w, https:\/\/bernardinoadvocacia.adv.br\/wp-content\/uploads\/2024\/10\/MISSAO-1024x1024.png 1024w, https:\/\/bernardinoadvocacia.adv.br\/wp-content\/uploads\/2024\/10\/MISSAO-150x150.png 150w, https:\/\/bernardinoadvocacia.adv.br\/wp-content\/uploads\/2024\/10\/MISSAO-768x768.png 768w\" sizes=\"(max-width: 1200px) 100vw, 1200px\" \/><\/a><\/figure><div class=\"elementor-image-box-content\"><h3 class=\"elementor-image-box-title\"><a href=\"https:\/\/grupotwtoficial.com\/registro-de-marca\/\">MISS\u00c3O<\/a><\/h3><p class=\"elementor-image-box-description\">Defender os direitos dos servidores p\u00fablicos e seus dependentes com excel\u00eancia e dedica\u00e7\u00e3o, oferecendo atendimento jur\u00eddico especializado, humanizado e pr\u00f3ximo, mesmo em ambiente digital, garantindo confian\u00e7a, transpar\u00eancia e respeito em cada intera\u00e7\u00e3o.<\/p><\/div><\/div>\t\t\t\t<\/div>\n\t\t\t\t<\/div>\n\t\t\t\t<div class=\"elementor-element elementor-element-0c563ba elementor-widget__width-initial animated-slow elementor-position-top elementor-invisible elementor-widget elementor-widget-image-box\" data-id=\"0c563ba\" data-element_type=\"widget\" data-settings=\"{&quot;_animation&quot;:&quot;pulse&quot;}\" data-widget_type=\"image-box.default\">\n\t\t\t\t<div class=\"elementor-widget-container\">\n\t\t\t\t\t<div class=\"elementor-image-box-wrapper\"><figure class=\"elementor-image-box-img\"><a href=\"https:\/\/grupotwtoficial.com\/formatacao-de-franquia\" tabindex=\"-1\"><img decoding=\"async\" width=\"1200\" height=\"1200\" src=\"https:\/\/bernardinoadvocacia.adv.br\/wp-content\/uploads\/2024\/10\/VISAO.png\" class=\"attachment-full size-full wp-image-1093\" alt=\"\" srcset=\"https:\/\/bernardinoadvocacia.adv.br\/wp-content\/uploads\/2024\/10\/VISAO.png 1200w, https:\/\/bernardinoadvocacia.adv.br\/wp-content\/uploads\/2024\/10\/VISAO-300x300.png 300w, https:\/\/bernardinoadvocacia.adv.br\/wp-content\/uploads\/2024\/10\/VISAO-1024x1024.png 1024w, https:\/\/bernardinoadvocacia.adv.br\/wp-content\/uploads\/2024\/10\/VISAO-150x150.png 150w, https:\/\/bernardinoadvocacia.adv.br\/wp-content\/uploads\/2024\/10\/VISAO-768x768.png 768w\" sizes=\"(max-width: 1200px) 100vw, 1200px\" \/><\/a><\/figure><div class=\"elementor-image-box-content\"><h3 class=\"elementor-image-box-title\"><a href=\"https:\/\/grupotwtoficial.com\/formatacao-de-franquia\">VIS\u00c3O<\/a><\/h3><p class=\"elementor-image-box-description\">Ser refer\u00eancia no estado de S\u00e3o Paulo como o principal escrit\u00f3rio de advocacia voltado ao atendimento dos servidores p\u00fablicos, aposentados e ativos, expandindo nossas solu\u00e7\u00f5es digitais para assegurar um atendimento pr\u00f3ximo, \u00e1gil e eficaz a cada cliente.<\/p><\/div><\/div>\t\t\t\t<\/div>\n\t\t\t\t<\/div>\n\t\t\t\t\t<\/div>\n\t\t\t\t<\/div>\n\t\t<div class=\"elementor-element elementor-element-a8fdd71 e-con-full e-flex e-con e-child\" data-id=\"a8fdd71\" data-element_type=\"container\">\n\t\t\t\t<div class=\"elementor-element elementor-element-2ea10d5 elementor-widget__width-initial animated-slow elementor-position-top elementor-invisible elementor-widget elementor-widget-image-box\" data-id=\"2ea10d5\" data-element_type=\"widget\" data-settings=\"{&quot;_animation&quot;:&quot;pulse&quot;}\" data-widget_type=\"image-box.default\">\n\t\t\t\t<div class=\"elementor-widget-container\">\n\t\t\t\t\t<div class=\"elementor-image-box-wrapper\"><figure class=\"elementor-image-box-img\"><a href=\"https:\/\/grupotwtoficial.com\/registro-de-marca\/\" tabindex=\"-1\"><img decoding=\"async\" width=\"1200\" height=\"1200\" src=\"https:\/\/bernardinoadvocacia.adv.br\/wp-content\/uploads\/2024\/10\/VALORES.png\" class=\"attachment-full size-full wp-image-1092\" alt=\"\" srcset=\"https:\/\/bernardinoadvocacia.adv.br\/wp-content\/uploads\/2024\/10\/VALORES.png 1200w, https:\/\/bernardinoadvocacia.adv.br\/wp-content\/uploads\/2024\/10\/VALORES-300x300.png 300w, https:\/\/bernardinoadvocacia.adv.br\/wp-content\/uploads\/2024\/10\/VALORES-1024x1024.png 1024w, https:\/\/bernardinoadvocacia.adv.br\/wp-content\/uploads\/2024\/10\/VALORES-150x150.png 150w, https:\/\/bernardinoadvocacia.adv.br\/wp-content\/uploads\/2024\/10\/VALORES-768x768.png 768w\" sizes=\"(max-width: 1200px) 100vw, 1200px\" \/><\/a><\/figure><div class=\"elementor-image-box-content\"><h3 class=\"elementor-image-box-title\"><a href=\"https:\/\/grupotwtoficial.com\/registro-de-marca\/\">VALORES<\/a><\/h3><p class=\"elementor-image-box-description\">F\u00e9 e Trabalho: Acreditamos na for\u00e7a da dedica\u00e7\u00e3o e perseveran\u00e7a para alcan\u00e7ar nossos objetivos.\nHonra e \u00c9tica: Agimos sempre com integridade, pautando nossas a\u00e7\u00f5es pelo respeito \u00e0s leis e \u00e0 moralidade.\nAtendimento Humanizado: Valorizamos cada cliente como \u00fanico, oferecendo atendimento personalizado e emp\u00e1tico.\nTranspar\u00eancia: Priorizamos a clareza e objetividade na comunica\u00e7\u00e3o, construindo confian\u00e7a m\u00fatua.\nInova\u00e7\u00e3o Digital: Adaptamo-nos \u00e0s novas tecnologias para proporcionar uma experi\u00eancia de atendimento moderna e eficiente.\nCompromisso com o Servidor P\u00fablico: Focamos na defesa dos direitos daqueles que servem \u00e0 sociedade, oferecendo expertise jur\u00eddica especializada.<\/p><\/div><\/div>\t\t\t\t<\/div>\n\t\t\t\t<\/div>\n\t\t\t\t<div class=\"elementor-element elementor-element-a7e2844 elementor-widget__width-initial animated-slow elementor-position-top elementor-invisible elementor-widget elementor-widget-image-box\" data-id=\"a7e2844\" data-element_type=\"widget\" data-settings=\"{&quot;_animation&quot;:&quot;pulse&quot;}\" data-widget_type=\"image-box.default\">\n\t\t\t\t<div class=\"elementor-widget-container\">\n\t\t\t\t\t<div class=\"elementor-image-box-wrapper\"><figure class=\"elementor-image-box-img\"><a href=\"https:\/\/grupotwtoficial.com\/formatacao-de-franquia\" tabindex=\"-1\"><img loading=\"lazy\" decoding=\"async\" width=\"1200\" height=\"1200\" src=\"https:\/\/bernardinoadvocacia.adv.br\/wp-content\/uploads\/2024\/10\/OBJETIVOS.png\" class=\"attachment-full size-full wp-image-1091\" alt=\"\" srcset=\"https:\/\/bernardinoadvocacia.adv.br\/wp-content\/uploads\/2024\/10\/OBJETIVOS.png 1200w, https:\/\/bernardinoadvocacia.adv.br\/wp-content\/uploads\/2024\/10\/OBJETIVOS-300x300.png 300w, https:\/\/bernardinoadvocacia.adv.br\/wp-content\/uploads\/2024\/10\/OBJETIVOS-1024x1024.png 1024w, https:\/\/bernardinoadvocacia.adv.br\/wp-content\/uploads\/2024\/10\/OBJETIVOS-150x150.png 150w, https:\/\/bernardinoadvocacia.adv.br\/wp-content\/uploads\/2024\/10\/OBJETIVOS-768x768.png 768w\" sizes=\"(max-width: 1200px) 100vw, 1200px\" \/><\/a><\/figure><div class=\"elementor-image-box-content\"><h3 class=\"elementor-image-box-title\"><a href=\"https:\/\/grupotwtoficial.com\/formatacao-de-franquia\">OBJETIVOS<\/a><\/h3><p class=\"elementor-image-box-description\">Atendimento Personalizado: Manter a proximidade e individualidade do atendimento mesmo no ambiente digital.\nExpans\u00e3o Digital: Ampliar a presen\u00e7a da Bernardino Advocacia Digital, consolidando-se como refer\u00eancia no atendimento jur\u00eddico remoto em todo o estado de S\u00e3o Paulo.\nExcel\u00eancia Jur\u00eddica: Atualizar e aprimorar continuamente o conhecimento jur\u00eddico para garantir a melhor defesa dos interesses dos clientes.\nFideliza\u00e7\u00e3o de Clientes: Estabelecer la\u00e7os de confian\u00e7a e satisfa\u00e7\u00e3o com os clientes por meio de transpar\u00eancia e efici\u00eancia nos servi\u00e7os.\nCrescimento Sustent\u00e1vel: Expandir nossa atua\u00e7\u00e3o com responsabilidade, garantindo o fortalecimento da marca e a entrega de servi\u00e7os de alta qualidade.<\/p><\/div><\/div>\t\t\t\t<\/div>\n\t\t\t\t<\/div>\n\t\t\t\t<\/div>\n\t\t\t\t\t<\/div>\n\t\t\t\t<\/div>\n\t\t\t\t<\/div>\n\t\t","protected":false},"excerpt":{"rendered":"<p>O Escrit\u00f3rio &#8220;Sempre com F\u00e9, Trabalho e Honra, nosso objetivo principal \u00e9 Defender os Direitos de nosso clientes&#8221; Quem Somos: A Bernardino Advocacia tem compromisso com a excel\u00eancia no atendimento das necessidades de nossos clientes. Nascemos da necessidade do Servidor Publico do Interior Paulista ser representado por Advogados proximos a eles, com quem possam conversar [&hellip;]<\/p>\n","protected":false},"author":1,"featured_media":0,"parent":0,"menu_order":0,"comment_status":"closed","ping_status":"closed","template":"","meta":{"footnotes":""},"class_list":["post-1062","page","type-page","status-publish","hentry"],"_links":{"self":[{"href":"https:\/\/bernardinoadvocacia.adv.br\/index.php?rest_route=\/wp\/v2\/pages\/1062","targetHints":{"allow":["GET"]}}],"collection":[{"href":"https:\/\/bernardinoadvocacia.adv.br\/index.php?rest_route=\/wp\/v2\/pages"}],"about":[{"href":"https:\/\/bernardinoadvocacia.adv.br\/index.php?rest_route=\/wp\/v2\/types\/page"}],"author":[{"embeddable":true,"href":"https:\/\/bernardinoadvocacia.adv.br\/index.php?rest_route=\/wp\/v2\/users\/1"}],"replies":[{"embeddable":true,"href":"https:\/\/bernardinoadvocacia.adv.br\/index.php?rest_route=%2Fwp%2Fv2%2Fcomments&post=1062"}],"version-history":[{"count":46,"href":"https:\/\/bernardinoadvocacia.adv.br\/index.php?rest_route=\/wp\/v2\/pages\/1062\/revisions"}],"predecessor-version":[{"id":1445,"href":"https:\/\/bernardinoadvocacia.adv.br\/index.php?rest_route=\/wp\/v2\/pages\/1062\/revisions\/1445"}],"wp:attachment":[{"href":"https:\/\/bernardinoadvocacia.adv.br\/index.php?rest_route=%2Fwp%2Fv2%2Fmedia&parent=1062"}],"curies":[{"name":"wp","href":"https:\/\/api.w.org\/{rel}","templated":true}]}}